 = 79 - 111. Let n = 97 + w. Is n prime?
False
Let l be 18*(80/2 + -2). Let d = -2230 + 3203. Let h = d - l. Is h composite?
True
Suppose 0*b + b - 5*t = 1146, -1155 = -b - 4*t. Is b a prime number?
True
Let a(m) = -3*m + 29. Let u be a(10). Is (u + 1 - -587)/1 a composite number?
False
Let s = 89 - 36. Let m = 650 - s. Is m a prime number?
False
Let s(d) = 262*d - 4. Is s(5) prime?
False
Let d(t) = 771*t + 112. Is d(5) a composite number?
False
Let n(l) = -l**3 + 10*l**2 + l - 7. Let u be n(10). Suppose -y + 5396 = u*y. Suppose -r = -4*a - 0*r + y, 679 = 2*a - 5*r. Is a a prime number?
True
Suppose -5*f - 297 - 433 = 0. Let c = f + 290. Suppose -x = -43 - c. Is x a prime number?
False
Let k = -24 - -581. Is k prime?
True
Suppose -4*k + 5*o + 21872 = 0, -2*k - 21888 = -6*k + o. Is k a prime number?
False
Let g be ((-125)/15)/((-1)/3). Let q = 30 - g. Suppose 157 = q*d - 4*d. Is d a prime number?
True
Let x(d) = 2*d + 13. Let c be x(-6). Let r be 4*(1 + -41) - c. Let y = r - -288. Is y a composite number?
False
Let p(z) = 110*z - 1. Let u(g) = 2*g - 5. Let o be u(8). Let y = 12 - o. Is p(y) a prime number?
True
Let t(y) be the first derivative of y**4/12 + y**3/6 - 7*y**2/2 - 3*y + 4. Let c(q) be the first derivative of t(q). Is c(9) prime?
True
Let i(j) = j**2 - 5*j**2 + 745 + 4*j**2 - j**3. Is i(0) a composite number?
True
Let d = 26009 - 15708. Is d composite?
False
Suppose -3*y = 16 - 7. Let h(o) = -5*o + 4. Is h(y) a composite number?
False
Suppose 132555 = 4*n - 3*f, -5*n = -f + 107276 - 272978. Is n a composite number?
True
Let y be -2*(-3)/(-1 - 2). Let x(k) = k**2 + 3*k + 3. Let v be x(y). Is (v - 0)/((-9)/(-27)) a composite number?
False
Let m = -63 + 66. Is ((-6)/(-30)*15)/(m/974) prime?
False
Let m be 0/((-1)/(0 + 1)). Suppose m = -0*i - i. Suppose 4*c - 195 - 161 = i. Is c a composite number?
False
Suppose 2*t - l + 0*l - 364 = 0, -5*t + l = -913. Suppose 0 = 4*k - t + 55. Suppose 3*u - 18 = -5*p, -3*p = 5*u - 14 - k. Is u a prime number?
True
Suppose 0 = -4*u + 9788 + 3384. Is u a composite number?
True
Let f = 3 + 12. Let p = f + -25. Let r = 43 - p. Is r prime?
True
Let a = -102 - -112. Suppose a*z - 43947 - 7583 = 0. Is z composite?
False
Suppose -6*y = -4*y - 332126. Is y a prime number?
True
Let v(g) = -27*g - 4 + 5 + 150*g + 95*g. Let x = -47 + 49. Is v(x) a composite number?
True
Let x = -25 + 10. Let c = x + 27. Let v(q) = q**3 - 7*q**2 - 2*q - 1. Is v(c) composite?
True
Is (14/(-8))/((-15)/60540) a composite number?
True
Let j = 3341 + -2348. Let k = j + -494. Is k a composite number?
False
Let c be -1 - (1 - 1352)*(-1 - 0). Let m = -490 - c. Is m prime?
False
Let g = 282 + -229. Is g a prime number?
True
Let d(n) = 0*n + n - 3*n + n + 5. Let w be d(5). Suppose -4*q = -16, w = 5*t - t - 3*q - 316. Is t a prime number?
False
Let w(g) = 93*g - 8. Suppose 3 = l, 5*o - 2*l - 3*l + 50 = 0. Let y be w(o). Let k = y + 1180. Is k a prime number?
True
Let d(p) = p**3 + 9*p**2 - p - 6. Suppose 33 = -6*f - 21. Let a be d(f). Suppose 0 = a*h + 2*h - 605. Is h composite?
True
Let k(i) = 19*i**2 + i - 1. Let m be k(-3). Suppose -m = -4*x + 597. Is x a composite number?
False
Suppose -181 - 3571 = -7*y. Suppose c + y = 5*c. Is c composite?
True
Let i = -104 - -104. Suppose i = 6*r + 930 - 5400. Is r prime?
False
Let h(n) = 239*n + 59. Is h(22) a prime number?
False
Let f = -33 - -25. Let g(v) = -v**3 - 3*v**2 + 4*v + 15. Is g(f) a prime number?
False
Let l = -3 + 17. Suppose -2 = 3*u - l. Suppose 4*y - x = 633, -3*y - u*x + 230 = -221. Is y prime?
True
Suppose 0 = 6*k - 1029458 - 572800. Is k prime?
False
Let j be 5/(-1)*(-24)/(-10). Let i = j - -23. Suppose i = 3*q - 10. Is q composite?
False
Let h be 2/4 - 3035/(-2). Suppose h = 2*n - w, 5*n - 3*w + 1625 - 5421 = 0. Is n prime?
False
Is (16/(-4))/((-8)/13126) composite?
False
Let b(g) = 37*g**2 - 12*g + 10. Let v be b(-9). Suppose v = 5*w - 0*w. Is w a composite number?
True
Let f(j) = -3*j + 3. Let m be f(-3). Let t(s) = -s**3 + 6*s**2 + 8*s - 5. Let u be t(7). Let a = m + u. Is a a composite number?
True
Let o(f) = -f**2 - 16*f + 7. Is o(-16) prime?
True
Let j = 33141 + -17895. Let q = j - 8299. Is q prime?
True
Let x be 5 + 2/(-2) + -6 + 4. Is (-277)/(x/6 + (-40)/84) a composite number?
True
Let p be (-2)/4 + (-55)/(-22). Suppose -w = p*w - 1899. Is w composite?
True
Suppose 3*q - 15 = -0*q, -5*d = 3*q - 40. Suppose -m = -0 - d, -3*m = 2*j - 3845. Suppose -2528 = -3*b + j. Is b prime?
True
Let c = 6 + -3. Suppose c*z - 5*z = 4*b - 3576, -5*z = -4*b + 3604. Suppose 3*w = b - 17. Is w a prime number?
True
Let m(c) = -2*c**2 + 18*c. Let n be m(9). Is 2/(-6) + n + (-3924)/(-27) a composite number?
True
Suppose z + 3*z - 988 = 0. Let f(w) = w**3 + 10*w**2 + 2*w - 3. Let v be f(-4). Suppose -z = -4*x + v. Is x a prime number?
True
Let g = -1855 - -3122. Is g prime?
False
Let y(n) = 11501*n - 51. Is y(2) prime?
False
Let c(a) = 2*a + 29. Suppose -3*x + 1 = 5*h - 23, 5*h = -15. Is c(x) prime?
False
Suppose -3*y - j = -5335, j + 848 = 2*y - 2717. Suppose w = -3*s + 459, -7*w + y = -3*w - 2*s. Is w a composite number?
True
Let b(p) = 177 + 9*p - 4*p + 3*p - 7*p. Suppose -2*j - 5*l = 3*j, -2*l = 4*j. Is b(j) a prime number?
False
Suppose 396 = 4*f - 596. Suppose -1294 - f = -6*i. Is i a prime number?
True
Let i(x) = 10 + 8*x - 4*x**2 + 37*x**2 + 32*x**2. Is i(-4) a composite number?
True
Let r(b) = 53*b + 6. Suppose 3*z = -k - 2*z - 9, 3*k = 3*z + 27. Suppose 3*g = 3*y + k - 0, -6 = -g - y. Is r(g) prime?
False
Suppose -c - c = -8. Suppose -c*f - 1036 = -3*p + 353, p = -2*f - 697. Let d = f + 491. Is d prime?
False
Let z(v) = -v**3 - 3*v**2. Let i be z(-2). Is ((-2)/i)/((-3)/(-18)) + 124 a composite number?
False
Suppose 32 = -j + 9*j. Is (-7)/14 + 278/j a composite number?
True
Let t = 50 + -112. Let d = 83 - t. Is d prime?
False
Suppose 0*z - 24 = 3*z. Let o be z/(-20)*-1*-615. Let p = -159 + o. Is p a composite number?
True
Let j(q) = -163*q + 2. Let w(m) = 162*m - 1. Let u(v) = 2*j(v) + 3*w(v). Let l = 4 + -3. Is u(l) a composite number?
True
Suppose -4 = 5*y + 1, -3*l + 3*y = 867. Let g = l - -541. Is g composite?
False
Let q(i) = -14*i**3 + 2*i**2 - 1. Suppose 2*z + 2 = -4. Let g be q(z). Suppose -9*h = -8*h - g. Is h a prime number?
False
Suppose 5*r + 246 = -18*v + 19*v, 4*v + 5*r - 884 = 0. Is v a composite number?
True
Is ((-2569)/21)/(-1)*33 composite?
True
Suppose -7*t - 1190 = -2*t. Let a = t - -395. Is (a - -5) + (-1 - -2) a prime number?
True
Is (218231/(-26))/((-10)/20) a prime number?
True
Suppose 3*n + 3*f = -2*n - 705, -f = 5*n + 695. Let r be (2 - 5) + 20/2. Let h = r - n. Is h a prime number?
False
Suppose 0 = y - i + 1, 4*y - 2*i = 2 + 2. Suppose y*a - 932 = -5*t, -1271 = -4*a - 0*t - t. Suppose a - 30 = n. Is n a prime number?
False
Suppose -4*n - 5*k - 7059 = 0, -2*n + 5*k = -4*n - 3527. Let s = 2769 + n. Is s a prime number?
False
Let z be ((-18)/(-6))/(6/(-14)). Is 228/2 + z/7 prime?
True
Let c = -28 - -33. Let w be ((-678)/(-5))/(c/25). Let o = w - 364. Is o a composite number?
True
Let n(k) = 118*k**2 + 15*k + 44. Is n(-9) a prime number?
True
Suppose -17*s = -19*s + 1990. Is s prime?
False
Suppose -2*n = 2*p - 40, 0 = -5*p - 8 - 2. Let u be (-6 - -1)/((-6)/(-66)). Is ((-38)/5)/(n/u) prime?
True
Suppose 3*z - 3760 = -5*o, -4*o + 3511 = -3*z + 476. Is o composite?
True
Is ((-2)/(4/(-34)))/(60/420) a composite number?
True
Let z(x) = -x**2 - 8*x - 9. Let i(c) = c**3 - 6*c**2 - 7*c - 7. Let r be i(7). Let s be z(r). Is s*2/8*-466 composite?
False
Is (19841/(-5))/(176/(-880)) prime?
True
Let c(h) = 99*h + 5. Let j(m) = -3*m + 2. Let q be j(0). Is c(q) composite?
True
Is (-64)/(-416) - 271529/(-13) a composite number?
False
Let b(u) = 4688*u**3 - 8*u**2 + 5*u - 1. Is b(2) a prime number?
False
Suppose 5 = j - 3*j - 5*k, 0 = -2*j + 4*k + 22. Suppose -5*m + j*o - 15 = 0, 5*m - 2*m = 2*o - 13. Let s(f) = 18*f**2 - 16*f - 9. Is s(m) a prime number?
False
Suppose 2*s + 12 = 4*n - 12, -5*n + 5*s = -35. Suppose -n*l + 356 = -569. Is l prime?
False
Let r(k) be the third derivative of -k**6/360 - k**5/8 - k**4/8 + k**3/3 + 6*k**2. Let d(b) be the first derivative of r(b). Is d(-8) a prime number?
True
Let w(s) be the first derivative of -303*s**2/2 - 2*s + 24. Is w(-3) a pr